 of 596 and 2291173?
149
Calculate the highest common factor of 190293146 and 239686.
5846
Calculate the highest common divisor of 30044388 and 1188.
132
Calculate the highest common divisor of 3605 and 4740.
5
What is the highest common factor of 9585 and 886506?
213
What is the greatest common factor of 130136 and 25256?
8
What is the greatest common factor of 41096 and 115854761?
5137
What is the greatest common factor of 216 and 17693280?
72
What is the greatest common divisor of 55 and 16914865?
55
Calculate the highest common factor of 7558131 and 861.
21
Calculate the highest common divisor of 31212 and 15228.
108
Calculate the highest common factor of 15571 and 710173.
677
Calculate the highest common factor of 1122 and 21017678.
374
What is the highest common divisor of 160 and 736955?
5
Calculate the highest common divisor of 20680 and 4044040.
440
What is the greatest common factor of 276 and 3487956?
12
What is the greatest common factor of 188 and 23084?
4
Calculate the greatest common factor of 717 and 2660309.
239
What is the highest common factor of 657552 and 741?
57
What is the highest common divisor of 15549256 and 40?
8
Calculate the highest common factor of 37878 and 3112416.
642
What is the highest common divisor of 368 and 326646?
46
Calculate the highest common factor of 4945 and 8133467.
23
Calculate the highest common divisor of 2891003 and 136.
17
Calculate the greatest common divisor of 2109 and 3558549.
111
Calculate the highest common divisor of 1335980110 and 4124.
2062
What is the greatest common divisor of 523843 and 7859?
271
Calculate the highest common factor of 14658766 and 532.
38
Calculate the highest common factor of 151551 and 35559.
81
Calculate the greatest common factor of 208 and 260628680.
104
What is the greatest common factor of 36 and 19338876?
36
What is the highest common factor of 38102180 and 30?
10
Calculate the greatest common divisor of 27 and 15717483.
27
What is the greatest common divisor of 231537 and 5989?
113
What is the greatest common factor of 33 and 1115625027?
33
Calculate the highest common factor of 157921479 and 3030.
303
What is the greatest common divisor of 696 and 25792488?
24
What is the highest common divisor of 40 and 19242770?
10
What is the highest common factor of 131729 and 12961?
13
Calculate the greatest common divisor of 73222 and 331390.
62
Calculate the greatest common factor of 1480 and 78182480.
1480
Calculate the highest common divisor of 14096 and 46455130.
1762
Calculate the highest common divisor of 918 and 604180.
34
What is the greatest common divisor of 10741 and 19826?
23
What is the highest common divisor of 104 and 117336206?
26
What is the greatest common divisor of 8165 and 28378435?
115
What is the highest common divisor of 67824 and 185904?
144
Calculate the highest common factor of 17 and 28985391.
17
Calculate the highest common divisor of 4192385 and 58.
29
What is the greatest common factor of 120 and 5568930?
30
What is the highest common divisor of 8492 and 134420?
44
What is the greatest common factor of 75552 and 337344?
96
Calculate the highest common factor of 355533 and 14948.
37
What is the highest common factor of 32304 and 10566?
6
What is the greatest common divisor of 1730235 and 21489?
741
What is the greatest common divisor of 47432 and 22132418?
1078
What is the highest common divisor of 8560 and 51376?
16
What is the highest common factor of 751467 and 3411?
3
What is the highest common factor of 5880 and 1005060?
420
Calculate the greatest common factor of 54672434 and 82.
82
Calculate the greatest common factor of 3834 and 2177286.
426
Calculate the greatest common divisor of 11200 and 2089150.
350
What is the greatest common factor of 19190136 and 72?
24
Calculate the highest common divisor of 428261 and 436.
109
What is the highest common factor of 274231551 and 231?
33
What is the greatest common factor of 42823725 and 3150?
525
Calculate the highest common divisor of 4292 and 7178863.
29
What is the highest common factor of 1208 and 93560?
8
What is the highest common divisor of 156413165 and 15?
5
What is the greatest common factor of 1311643728 and 186?
186
What is the highest common factor of 4378 and 15861096?
398
Calculate the highest common factor of 2 and 12166933.
1
What is the greatest common divisor of 10528 and 41995863?
329
What is the highest common divisor of 245894334 and 5570?
1114
What is the greatest common factor of 5090 and 873273485?
2545
Calculate the greatest common divisor of 2875 and 39249845.
115
What is the greatest common factor of 369 and 142019244?
369
What is the greatest common factor of 26564720 and 574?
574
What is the greatest common divisor of 318986 and 436435?
457
Calculate the highest common factor of 5530 and 14040.
10
What is the highest common divisor of 493 and 360094?
17
Calculate the greatest common factor of 210360 and 1290.
30
Calculate the highest common factor of 378 and 986552.
14
What is the greatest common factor of 20831732 and 136?
68
Calculate the highest common factor of 2366624 and 1118.
26
What is the highest common divisor of 852313262 and 6703?
6703
Calculate the greatest common factor of 9287 and 92619.
251
Calculate the highest common factor of 19917 and 293550024.
6639
What is the greatest common divisor of 16150 and 64430?
170
What is the greatest common divisor of 51891 and 820725?
1059
What is the highest common factor of 71043171 and 1137?
1137
Calculate the highest common divisor of 1200 and 11714800.
400
Calculate the greatest common divisor of 1743032 and 2760.
184
What is the greatest common divisor of 453150250 and 1085?
1085
What is the greatest common factor of 11211922 and 244?
122
What is the highest common divisor of 44414015 and 5?
5
Calculate the highest common divisor of 3689640 and 266751.
2493
Calculate the highest common factor of 624764888 and 3608.
3608
What is the highest common divisor of 12778658 and 3206?
458
What is the greatest common divisor of 699966460 and 570?
190
What is the greatest common factor of 163300 and 88615100?
7100
What is the greatest common factor of 600360 and 1680?
120
What is the greatest common divisor of 120 and 18615732?
12
Calculate the greatest common factor of 18711 and 23942061.
2673
What is the highest common divisor of 74577027 and 474?
237
What is the highest common divisor of 11203023 and 169?
13
Calculate the greatest common divisor of 51417 and 345825.
261
What is the highest common divisor of 568 and 35975416?
568
Calculate the highest common divisor of 7582 and 2258003002.
7582
What is the greatest common divisor of 2933021 and 4676?
1169
Calculate the greatest common divisor of 310794974 and 3976.
994
What is the highest common divisor of 1334855652 and 8762?
8762
Calculate the highest common divisor of 2001567 and 9.
3
What is the greatest common divisor of 22564 and 1592?
4
What is the highest common factor of 10595246 and 72658?
4274
What is the highest common factor of 555983757 and 3078?
1539
Calculate the greatest common factor of 29850819 and 1182.
591
What is the greatest common divisor of 30151520 and 70?
70
What is the highest common factor of 367150 and 560?
70
Calculate the greatest common factor of 180 and 6044580.
180
Calculate the highest common divisor of 520 and 21583640.
520
Calculate the highest common divisor of 3190 and 68819465.
1595
What is the greatest common divisor of 12 and 549016782?
6
What is the greatest common factor of 408 and 68235348?
204
Calculate the greatest common divisor of 1478280 and 24.
24
Calculate the highest common factor of 24089698 and 25507.
1109
Calculate the greatest common factor of 442 and 13074.
2
What is the greatest common divisor of 444 and 4815402?
222
What is the greatest common divisor of 3816800 and 47840?
2080
What is the highest common divisor of 878047 and 191216?
703
Calculate the greatest common factor of 1858547 and 370.
37
What is the greatest common factor of 47200 and 159890?
590
What is the greatest common factor of 111131218 and 4136?
1034
Calculate the highest common factor of 23065 and 130287595.
3295
Calculate the greatest common divisor of 27120211 and 1.
1
Calculate the greatest common factor of 364 and 126224917